, 508079263
List the prime factors of 75325829.
75325829
List the prime factors of 1099952122.
2, 17, 61, 530353
What are the prime factors of 248459278?
2, 103, 1206113
What are the prime factors of 956515380?
2, 3, 5, 53, 61, 4931
What are the prime factors of 2175491776?
2, 43, 790513
List the prime factors of 33547840.
2, 5, 41, 2557
List the prime factors of 150559937.
11, 431, 2887
List the prime factors of 1307778159.
3, 17, 67, 382727
What are the prime factors of 380731030?
2, 5, 43, 885421
What are the prime factors of 172131154?
2, 13, 17, 389437
What are the prime factors of 38488299?
3, 41, 211, 1483
List the prime factors of 120785891.
120785891
What are the prime factors of 36432566?
2, 1447, 12589
What are the prime factors of 120540037?
29, 71, 58543
What are the prime factors of 1488205?
5, 297641
List the prime factors of 2056050149.
29, 2897, 24473
What are the prime factors of 1620605728?
2, 7, 7234847
List the prime factors of 3306374661.
3, 19, 58006573
List the prime factors of 21703633.
7, 3100519
List the prime factors of 219202825.
5, 101, 86813
List the prime factors of 99471999.
3, 11, 3014303
What are the prime factors of 288300359?
101, 2854459
What are the prime factors of 2195466289?
193, 587, 19379
What are the prime factors of 1371459199?
11, 124678109
What are the prime factors of 5710380054?
2, 3, 4357, 218437
What are the prime factors of 701701562?
2, 350850781
What are the prime factors of 2093749907?
103, 1873, 10853
List the prime factors of 144899659.
37, 379, 10333
List the prime factors of 1023750299.
11, 13, 37, 181, 1069
What are the prime factors of 387135849?
3, 17, 19, 67, 89
List the prime factors of 652877685.
3, 5, 4836131
List the prime factors of 1326328447.
13183, 100609
What are the prime factors of 2557705372?
2, 163, 197, 19913
List the prime factors of 35661132.
2, 3, 13, 23, 3313
List the prime factors of 2476813539.
3, 825604513
List the prime factors of 73935106.
2, 7, 53, 99643
List the prime factors of 61634638.
2, 13, 83
List the prime factors of 438319695.
3, 5, 11, 31, 67, 1279
List the prime factors of 32955310.
2, 5, 19, 29, 5981
What are the prime factors of 26155883?
13, 29, 69379
List the prime factors of 271142136.
2, 3, 1439, 2617
List the prime factors of 2031134319.
3, 79, 211, 4513
List the prime factors of 2168523.
3, 7, 34421
What are the prime factors of 37457788?
2, 9364447
What are the prime factors of 49942659?
3, 13, 19, 67399
List the prime factors of 2664492991.
2749, 969259
What are the prime factors of 1194028359?
3, 398009453
What are the prime factors of 1023892837?
11, 1619, 57493
What are the prime factors of 87397032?
2, 3, 727, 5009
List the prime factors of 1029657288.
2, 3, 11, 53, 73589
List the prime factors of 303108097.
303108097
List the prime factors of 1557226511.
37, 42087203
List the prime factors of 11935320.
2, 3, 5, 79, 1259
What are the prime factors of 4199918964?
2, 3, 8581, 40787
What are the prime factors of 6992475166?
2, 3496237583
List the prime factors of 453804102.
2, 3, 31, 813269
What are the prime factors of 13299605?
5, 11, 241811
What are the prime factors of 2026145391?
3, 17, 269, 147689
What are the prime factors of 450688717?
17, 229, 115769
What are the prime factors of 972105701?
7, 53, 2620231
List the prime factors of 3759426052.
2, 939856513
List the prime factors of 85921139.
769, 111731
What are the prime factors of 43433766?
2, 3, 804329
What are the prime factors of 2310068607?
3, 7, 11, 2609, 3833
What are the prime factors of 2631028851?
3, 11, 17, 181, 2879
What are the prime factors of 58185054?
2, 3, 359167
List the prime factors of 22999921.
7, 3285703
List the prime factors of 83317483.
223, 373621
What are the prime factors of 27841775?
5, 13, 85667
What are the prime factors of 582968405?
5, 116593681
What are the prime factors of 18244930?
2, 5, 11, 47, 3529
What are the prime factors of 324493673?
7, 29, 313, 5107
What are the prime factors of 2445947481?
3, 4951, 164677
List the prime factors of 4401086054.
2, 239, 9207293
What are the prime factors of 46776461?
19, 2461919
What are the prime factors of 123880419?
3, 13, 1058807
What are the prime factors of 446770743?
3, 233, 639157
List the prime factors of 376678460.
2, 5, 18833923
List the prime factors of 2313197158.
2, 1156598579
What are the prime factors of 150728387?
19, 7933073
List the prime factors of 362917391.
23, 15779017
List the prime factors of 296656147.
251, 1181897
List the prime factors of 3452251.
11, 103, 277
List the prime factors of 53341976.
2, 73, 241, 379
What are the prime factors of 26871687?
3, 41, 72823
What are the prime factors of 99034880?
2, 5, 7, 1579
List the prime factors of 517932564.
2, 3, 443, 97429
List the prime factors of 28292238.
2, 3, 13, 120907
List the prime factors of 3365044368.
2, 3, 7, 227, 44119
List the prime factors of 78979071.
3, 101, 277, 941
What are the prime factors of 428081408?
2, 61, 79, 347
List the prime factors of 183396750.
2, 3, 5, 244529
List the prime factors of 28179780.
2, 3, 5, 227, 2069
List the prime factors of 54410690.
2, 5, 41, 132709
What are the prime factors of 5436777338?
2, 103, 26392123
List the prime factors of 549256421.
7, 211, 371873
List the prime factors of 65451675.
3, 5, 19, 23, 1997
List the prime factors of 169816066.
2, 7, 1732817
List the prime factors of 390912422.
2, 19, 2663, 3863
What are the prime factors of 110397657?
3, 19, 659, 2939
List the prime factors of 319046542.
2, 1307, 122053
List the prime factors of 84750045.
3, 5, 61, 92623
List the prime factors of 2385460626.
2, 3, 397576771
What are the prime factors of 4584945932?
2, 7, 59, 2775391
What are the prime factors of 90012979?
7, 12858997
List the prime factors of 2354241678.
2, 3, 73, 881, 6101
List the prime factors of 128552244.
2, 3, 23, 29, 16061
List the prime factors of 51070359.
3, 61, 279073
List the prime factors of 45868287.
3, 47, 325307
What are the prime factors of 1919669556?
2, 3, 7, 22853209
List the prime factors of 1122226644.
2, 3, 7, 11, 17, 71443
What are the prime factors of 4496349428?
2, 29, 3217, 12049
What are the prime factors of 285059929?
7, 11, 631, 5867
List the prime factors of 209065857.
3, 7, 11, 13, 6329
What are the prime factors of 261614546?
2, 661, 197893
What are the prime factors of 1383518578?
2, 13, 37, 1438169
What are the prime factors of 3485602228?
2, 17683, 49279
What are the prime factors of 8615399?
13, 587, 1129
List the prime factors of 2856169814.
2, 1428084907
List the prime factors of 59648832.
2, 3, 34519
List the prime factors of 1840772451.
3, 7, 87655831
List the prime factors of 1947126283.
61, 3109, 10267
What are the prime factors of 15231754?
2, 7615877
What are the prime factors of 399972770?
2, 5, 17, 2352781
What are the prime factors of 37532235?
3, 5, 13, 29, 6637
List the prime factors of 83388660.
2, 3, 5, 1389811
List the prime factors of 2261826536.
2, 282728317
List the prime factors of 937177684.
2, 1451, 161471
List the prime factors of 424563268.
2, 139, 409, 1867
List the prime factors of 36184705.
5, 37, 195593
What are the prime factors of 576852612?
2, 3, 7, 101, 67993
What are the prime factors of 251020572?
2, 3, 11, 17, 111863
List the prime factors of 118503797.
23, 241, 21379
What are the prime factors of 24649201?
17, 1449953
What are the prime factors of 1147823883?
3, 127535987
List the prime factors of 126233651.
53, 44939
List the prime factors of 802033132.
2, 6067, 33049
What are the prime factors of 34090248?
2, 3, 839, 1693
What are the prime factors of 5897899900?
2, 5, 37, 1594027
What are the prime factors of 625166099?
593, 1054243
List the prime factors of 80928092.
2, 7, 17, 73, 137
List the prime factors of 2298393587.
7, 83, 3955927
What are the prime factors of 1627555600?
2, 5, 11, 107, 3457
List the prime factors of 84683020.
2, 5, 1801, 2351
What are the prime factors of 57759005?
5, 47, 245783
What are the prime factors of 4116273847?
7, 317, 1855013
List the prime factors of 175280190.
2, 3, 5, 5842673
What are the prime factors of 3049813845?
3, 5, 13, 5213357
List the prime factors of 342093036.
2, 3, 43, 113, 5867
What are the prime factors of 2791338300?
2, 3, 5, 10